 the prime factors of x.
2, 5, 7, 13
Suppose 60608 = -2*p + 3*p + 3*p. What are the prime factors of p?
2, 947
Let r be ((6/(-2))/(-3))/((-1)/(-2)). Suppose m = 5*a + 296, -903 + 322 = -r*m - a. What are the prime factors of m?
3, 97
Let z(w) = w - 1. Let n be z(8). Let d = n - 2. Suppose d*m + 56 = 181. What are the prime factors of m?
5
Let y be 5 - (0 - 6 - 13/(-1)). List the prime factors of ((-94)/(-282))/(y/(-1548)).
2, 3, 43
Let k be (340/(-16))/5*(-8 + 4). Suppose -4 + 12 = -j. Let w = j + k. List the prime factors of w.
3
Let k(a) = 406*a - 40. Let b be k(12). Suppose 0 = 2*w + 6*w - b. List the prime factors of w.
2, 151
Let m = 306 + -335. List the prime factors of 1*4/6*(m - -1808).
2, 593
Let z = 960 - 532. Let v = -366 + z. What are the prime factors of v?
2, 31
Suppose 30 = -109*o + 115*o. Suppose 34*l = 37*l - 4*g - 1418, o*l + 5*g - 2375 = 0. List the prime factors of l.
2, 3, 79
Suppose -a + 18 = 14. Let p be 15 + 2 + (-20)/a. Let l(n) = -n**3 + 14*n**2 - 5*n + 12. List the prime factors of l(p).
2, 3, 5
Suppose 0 = -5*q + 5*o + 20235, -6*o = 3*q - 4*o - 12111. List the prime factors of q.
3, 449
Suppose -3*j + 43679 = x, 107090 = 4*x - 4*j - 67754. List the prime factors of x.
11, 29, 137
Let q(j) = 75*j + 3. Let r(d) = -3 + 28*d + 10*d + 4. Let z(y) = -5*q(y) + 9*r(y). List the prime factors of z(-5).
3, 53
Suppose -3*s + 16 = t + 78, 5*t + 4*s + 365 = 0. Suppose -7*n + 444 = -4*n. Let p = n + t. List the prime factors of p.
71
Suppose -34*h = -153 - 17. Suppose 0 = 5*m + 5*n - 2075, 2*m + h*n + 1253 = 5*m. What are the prime factors of m?
2, 13
What are the prime factors of (6/5 + -2)/(2/(-117335))?
2, 31, 757
Suppose 0 = -k + 3 + 6. Suppose w + k = -2*j, -4 = 2*j + 4*w + 2. List the prime factors of 9/((-180)/1064)*j.
2, 7, 19
Let y = -7814 + 8556. What are the prime factors of y?
2, 7, 53
Suppose 2*o - 4 = -2. Let f be (o + 0)*0/23. Suppose d + 4*z - 14 - 26 = f, -5*z = -3*d + 86. What are the prime factors of d?
2
Let g(m) = 678*m**2 - 238*m + 9. List the prime factors of g(6).
3, 79, 97
Let n = -11 - -8. Suppose v = -5*m + 18, 4*m = 10*v - 5*v - 119. Let j = v + n. List the prime factors of j.
2, 5
Let l = 10402 + 933. List the prime factors of l.
5, 2267
What are the prime factors of (-5 + (-1 - -10))/((-4)/(-5528))?
2, 691
Let z = -37 - -39. Let f be (z + (-40)/12)*(-30)/8. Suppose -q + 2*q - 121 = -f*s, -3*q - 5*s = -343. List the prime factors of q.
3, 37
Let o(b) = -9*b**2 + 583*b - 94. List the prime factors of o(64).
2, 3, 59
Suppose 3*l = 2*c - 3588, 14*c - 4*l + 1783 = 15*c. Let v = c + -1112. What are the prime factors of v?
7, 97
Let f(z) = 2*z**2 - z - 33. Let s be 14 - (1 + 6/2) - 0. List the prime factors of f(s).
157
Let f(x) = 3063*x**2 + 12*x - 12. What are the prime factors of f(1)?
3, 1021
Let i(a) = 6*a - 6*a**3 + 10*a**2 + 26 - 2 + 7*a**3 + a**2. Let d be i(-10). Suppose d = 3*s - 101. List the prime factors of s.
5, 11
Suppose 0*l = -3*l, 2*s = -l + 210. Suppose 4*j - 91 = s. Suppose 5*w + j = 6*w. What are the prime factors of w?
7
Suppose f + 4 = 0, -o - 4*o + 4*f + 101 = 0. Let s(n) = 133 - n - 70 - 36. List the prime factors of s(o).
2, 5
Let b(t) be the second derivative of 17*t**4/6 - 7*t**3/6 + 11*t**2/2 - 162*t. What are the prime factors of b(-6)?
1277
Let a = -101274 - -144814. List the prime factors of a.
2, 5, 7, 311
Suppose 126 = a + a - 3*m, -216 = -4*a - 3*m. Suppose p = 4*p - a. Let s = p - -26. What are the prime factors of s?
3, 5
Let n be ((-5)/(-1) + -3)*-6. Let x = -10 - n. Suppose 0 = x*j + 6, 0*f - 5*j + 749 = 4*f. List the prime factors of f.
191
Suppose q + 3*l = -9, -7*l = -q - 2*l + 15. Suppose 30*y - 17*y - 8606 = q. What are the prime factors of y?
2, 331
Suppose -3*u - 5*m + 44838 = -40179, 141664 = 5*u - 2*m. List the prime factors of u.
2, 31, 457
Let p(i) = -i**3 - 36*i**2 - 70*i - 65. Let w be p(-34). Let a(d) = 374*d + 126. List the prime factors of a(w).
2, 3, 13
Let h = 272 + -252. Suppose -h*o - 2313 = -23*o. What are the prime factors of o?
3, 257
Let v(n) = n**3 + 13*n**2 - 18*n - 56. Let m be v(-11). Let g = 996 - m. List the prime factors of g.
2, 3, 17
Let b(w) = w**3 + 11*w**2 + 9. Let h be b(-11). Let f(r) = 3*r + 73. What are the prime factors of f(h)?
2, 5
Let w be (-16 + 7)/((-3)/(-3)). Let t(j) = -92*j - 436. List the prime factors of t(w).
2, 7
Let a(i) be the first derivative of i**2 - 30*i - 3. Let l be a(16). Suppose -2*p = -0*p + l*x - 512, -2*p - x = -508. What are the prime factors of p?
2, 3, 7
Let r(a) = -a**3 + 4*a**2 - a + 12. Let c be r(4). Let l be (18/c - 3) + (-9)/(-12). Suppose l = x + 5*t - 130, 0 = t - 4*t - 3. List the prime factors of x.
3, 5
Let h(m) = -2*m**3 - 32*m**2 + 31*m - 36. Let x be h(-17). Suppose 3*c - x = 0, -4*r = -6*r + 4*c + 2750. List the prime factors of r.
5, 277
Let b = 2477 + -667. What are the prime factors of b?
2, 5, 181
Suppose -22*m + 18*m + 380 = 0. Suppose -m - 25 = 12*z. What are the prime factors of (-2582)/z - (27/(-15) + 2)?
2, 3, 43
Let c(a) = 66*a**3 + a**2. Suppose 5*g = 9*g - 4. Let x be c(g). Let s = x + -58. What are the prime factors of s?
3
Let k be (-1)/((-28)/(-16) + -2) - -42. Let a(h) = -10*h + 2. Let n be a(-4). Let c = k - n. What are the prime factors of c?
2
Suppose 32*j = 56*j - 24. List the prime factors of 901 + j + (-8)/4.
2, 3, 5
Suppose -9152 = -16*i - 2784. Let o = i + 20. List the prime factors of o.
2, 11, 19
Let f = 18011 - 8587. List the prime factors of f.
2, 19, 31
Let d(b) be the third derivative of b**4/8 + 26*b**3/3 - 19*b**2. Let m be d(-16). Suppose 3*v - 350 = 2*j - j, -m*v + 466 = -j. List the prime factors of v.
2, 29
Suppose 0 = -4*a + 3*c - 76 - 59, 2*c = -4*a - 150. Let l be (a/(-10) + -2)/(4/(-20)). What are the prime factors of 4 - 2*(1 - (-436)/l)?
3, 37
Let f = -248 - -354. What are the prime factors of f?
2, 53
Let g(l) be the first derivative of 9*l**2 + 2*l + 15. Let a be g(1). Suppose a*t - 16*t - 172 = 0. List the prime factors of t.
43
Let d(t) = 905*t - 12871. What are the prime factors of d(82)?
61339
Let w(m) = -m**3 - 12*m**2 + 9*m + 17. Let j = -61 + 48. Let g be w(j). Suppose g*t + 151 = 70*t. List the prime factors of t.
151
Suppose -16112620 = -703*a + 341*a. What are the prime factors of a?
2, 5, 4451
List the prime factors of (-2)/(-4) - 17511065/(-494).
2, 3, 7, 211
Let c = 31 - 56. Let l(m) = 16*m + 456. Let n be l(-24). Let y = c + n. List the prime factors of y.
47
Let x(j) = -101*j**2 - 7*j + 3. Let y(v) = 160*v**2 + 10*v - 4. Let h(k) = -8*x(k) - 5*y(k). Let d = -4 + 7. What are the prime factors of h(d)?
2, 43
What are the prime factors of 42/(-12)*(-119495)/35*(5 + -3)?
23899
Let l be (-15)/(-10) - -2*(-93)/12. Let h = l + 19. What are the prime factors of 1 + h - (3 + -1)?
2
Let y = -9 + 12. Let c be 2/(y + -4)*-6. Suppose 13*x - 56 = c*x. What are the prime factors of x?
2, 7
Let v = -1376 - -268. Let n = -786 - v. List the prime factors of n.
2, 7, 23
Let v(z) = 4580*z - 1136. What are the prime factors of v(6)?
2, 37, 89
Let m = 79034 + -37690. What are the prime factors of m?
2, 17, 19
Let q(n) = -n - 34. Let h be q(-20). Let t be 66/14 - 5 - 130/h. Suppose -66 = -t*f + 7*f. List the prime factors of f.
3, 11
Suppose -4*t + 339 = k, 2*t - t - 106 = 4*k. Let z = t - -137. What are the prime factors of z?
223
Let f = 393 + -315. Suppose w - f - 6 = 0. What are the prime factors of w?
2, 3, 7
Suppose -5*f + 19155 = 4*h, -2*h + 7538 = 4*f - 2050. List the prime factors of h.
2, 5, 239
Suppose -3*s + 988 = -785. Let y = s + -419. List the prime factors of y.
2, 43
Let p(l) be the third derivative of -l**4/24 + 17*l**3/2 + 26*l**2. What are the prime factors of p(11)?
2, 5
Let l(c) = -c**3 - 27*c**2 + 28. Let j(d) = d**2 + 22*d - 75. Let b be j(-24). List the prime factors of l(b).
2, 7
Let w(n) = -59*n - 71. Let u(p) = -1. Let a(d) = -3*u(d) + w(d). List the prime factors of a(-7).
3, 5, 23
Let w(t) = -310*t**3 - 17*t**2 + 17*t + 22. List the prime factors of w(-5).
2, 3, 7, 911
Let a be (28/(-8) - 0) + 2/(-4). What are the prime factors of a/(-26) - 0 - (-7198)/26?
277
List the prime factors of (0 - -5932)*(-14)/(336/(-18)).
3, 1483
Suppose -4*r + 14 = -86. Suppose 6*p - 1 = -r. List the prime factors of 124*p*(-15)/48.
5, 31